r of 1202357 and 26.
13
Calculate the greatest common divisor of 577 and 184640.
577
What is the greatest common divisor of 467811 and 531?
531
Calculate the greatest common factor of 98 and 119266.
98
Calculate the highest common factor of 30685 and 855.
95
Calculate the highest common divisor of 216 and 4728.
24
What is the greatest common divisor of 7623 and 63?
63
Calculate the greatest common factor of 36 and 3966.
6
What is the highest common divisor of 26 and 4352686?
26
What is the highest common factor of 41444 and 143?
13
What is the greatest common divisor of 11 and 544599?
11
What is the highest common divisor of 145130 and 460?
230
Calculate the greatest common factor of 286200 and 25.
25
What is the highest common factor of 558623 and 41613?
1261
Calculate the highest common divisor of 42048 and 240.
48
Calculate the greatest common factor of 9911 and 1805551.
583
What is the greatest common divisor of 47 and 34921?
47
Calculate the highest common factor of 207 and 3807.
9
Calculate the highest common divisor of 6 and 11301.
3
What is the greatest common divisor of 10890 and 317790?
990
What is the greatest common factor of 79599 and 169?
169
Calculate the highest common factor of 440 and 1568600.
440
What is the greatest common divisor of 2613 and 4095?
39
What is the greatest common factor of 108870 and 30495?
285
What is the greatest common divisor of 580 and 1369090?
290
Calculate the highest common factor of 12 and 20796.
12
What is the greatest common divisor of 498 and 15306?
6
What is the highest common divisor of 19 and 116698?
19
What is the greatest common divisor of 18930 and 126?
6
What is the greatest common divisor of 513 and 24003?
27
Calculate the greatest common divisor of 128 and 52936.
8
What is the greatest common factor of 1022 and 44?
2
Calculate the greatest common divisor of 71373 and 74.
37
What is the greatest common divisor of 176 and 25340?
4
What is the greatest common divisor of 8374403 and 1471?
1471
What is the highest common factor of 100502 and 124?
62
What is the highest common divisor of 5305726 and 74?
74
What is the highest common factor of 5946 and 2274?
6
What is the greatest common divisor of 4720 and 95816?
472
Calculate the highest common divisor of 540745 and 4150.
415
Calculate the greatest common factor of 85 and 12110.
5
Calculate the greatest common divisor of 143 and 282997.
143
What is the highest common divisor of 90 and 90126?
18
What is the highest common divisor of 12 and 83142?
6
What is the highest common divisor of 186 and 5370564?
186
Calculate the highest common divisor of 34734 and 294.
42
Calculate the highest common factor of 793 and 1937.
13
What is the greatest common factor of 248 and 126232?
248
What is the greatest common factor of 740 and 1780?
20
What is the greatest common divisor of 32629 and 536?
67
Calculate the highest common divisor of 19551 and 11343.
57
Calculate the highest common divisor of 4446 and 100581.
39
What is the greatest common factor of 69828 and 24?
12
What is the greatest common divisor of 4500 and 829125?
1125
Calculate the highest common factor of 2432 and 15104.
128
Calculate the highest common factor of 4811 and 85.
17
What is the greatest common divisor of 580 and 1456612?
116
Calculate the highest common factor of 112 and 17824.
16
What is the greatest common factor of 54020 and 3650?
730
What is the greatest common divisor of 336 and 138432?
336
What is the greatest common divisor of 65 and 560000?
5
What is the highest common divisor of 1525 and 199775?
1525
Calculate the highest common divisor of 1020 and 448890.
30
What is the greatest common divisor of 75484 and 1336?
668
Calculate the greatest common factor of 162 and 4356.
18
What is the greatest common factor of 666170 and 10?
10
Calculate the highest common divisor of 2410 and 5945470.
2410
Calculate the highest common factor of 46189 and 9139.
247
Calculate the highest common factor of 1479 and 4611.
87
What is the highest common divisor of 1708 and 8?
4
Calculate the greatest common factor of 132864 and 8256.
192
What is the highest common divisor of 704 and 3584?
64
What is the highest common divisor of 3426 and 11640?
6
Calculate the highest common factor of 153291 and 222.
111
Calculate the highest common divisor of 758 and 5322676.
758
What is the greatest common divisor of 228327 and 37?
37
Calculate the greatest common factor of 536 and 24.
8
Calculate the highest common factor of 414063 and 117.
117
What is the greatest common divisor of 7 and 2303?
7
What is the highest common factor of 32 and 458956?
4
Calculate the greatest common factor of 48972 and 47806.
1166
What is the highest common factor of 2127346 and 204?
34
What is the greatest common factor of 13793 and 702?
13
Calculate the greatest common factor of 1420 and 1296.
4
Calculate the highest common factor of 925 and 132645.
185
Calculate the greatest common divisor of 16211 and 1634.
43
What is the greatest common factor of 81 and 4424976?
27
What is the highest common factor of 152730 and 405?
45
Calculate the greatest common divisor of 946 and 114939.
473
Calculate the greatest common divisor of 3425756 and 222.
74
What is the highest common divisor of 36155 and 10?
5
Calculate the greatest common divisor of 17 and 548.
1
What is the greatest common factor of 99636 and 912?
228
Calculate the greatest common factor of 9296 and 2104.
8
Calculate the greatest common factor of 24308 and 531.
59
Calculate the greatest common factor of 585 and 5733.
117
Calculate the highest common divisor of 97 and 489947.
97
What is the highest common divisor of 2558402 and 7?
7
What is the greatest common divisor of 6447 and 28?
7
Calculate the highest common divisor of 24959 and 8019.
11
Calculate the highest common divisor of 43620 and 24.
12
What is the highest common factor of 172 and 332218?
86
What is the greatest common factor of 3275 and 265100?
25
Calculate the highest common factor of 19750 and 80.
10
Calculate the highest common factor of 624 and 14718.
6
What is the highest common divisor of 9085 and 1035?
115
What is the highest common factor of 74 and 63122?
74
Calculate the highest common divisor of 84 and 531692.
28
What is the greatest common factor of 422091 and 1158?
579
Calculate the greatest common factor of 26 and 1453777.
13
Calculate the highest common factor of 11459 and 847.
7
Calculate the highest common factor of 30563 and 39.
13
What is the highest common divisor of 69684 and 12?
12
Calculate the highest common factor of 70043 and 356.
89
What is the highest common factor of 263741 and 92?
23
What is the greatest common divisor of 521092 and 4004?
572
What is the greatest common divisor of 57964 and 2107?
43
Calculate the highest common factor of 18954 and 8991.
243
What is the greatest common factor of 126 and 2373156?
18
Calculate the greatest common divisor of 11380 and 160.
20
What is the greatest common factor of 136 and 26996?
68
Calculate the highest common divisor of 423 and 37130.
47
Calculate the greatest common factor of 101 and 37168.
101
Calculate the highest common divisor of 444 and 41144.
148
Calculate the greatest common divisor of 715 and 54769.
143
Calculate the greatest common divisor of 13716 and 41402.
254
Calculate the highest common factor of 11431125 and 750.
375
Calculate the highest common factor of 1014 and 33696.
78
What is the greatest common factor of 13475 and 244200?
275
What is the highest common divisor of 27704 and 88?
8
Calculate the greatest common divisor of 11651 and 10123.
191
What is the greatest common factor of 22 and 592592?
22
What is the greatest common factor of 9336 and 876?
12
Calculate the highest common divisor of 699 and 3154587.
699
What is the greatest common divisor of 1 and 8794?
1
What is the highest common divisor of 2211 and 19497?
201
Calculate the highest common divisor of 16017 and 21918.
843
Calculate the greatest common divisor of 3300 and 1550.
50
What is the highest common factor of 375 and 32400?
75
What is the highest common divisor of 1875 and 15090?
15
Calculate the greatest common factor of 2899435 and 2380.
595
What is the highest common factor of 421346 and 17648?
2206
What is the greatest common divisor of 366 and